{"id":127,"date":"2025-03-18T16:53:51","date_gmt":"2025-03-18T15:53:51","guid":{"rendered":"https:\/\/lesarcherspugetois.fr\/?page_id=127"},"modified":"2025-11-08T17:53:26","modified_gmt":"2025-11-08T16:53:26","slug":"tutos","status":"publish","type":"page","link":"https:\/\/lesarcherspugetois.fr\/?page_id=127","title":{"rendered":"Tutos"},"content":{"rendered":"\n<p class=\"has-text-align-center\">Les \u00e9l\u00e9ments composant un arc<\/p>\n\n\n<div class=\"wp-block-image\">\n<figure class=\"aligncenter size-full\"><img loading=\"lazy\" decoding=\"async\" width=\"335\" height=\"449\" src=\"http:\/\/lesarcherspugetois.fr\/wp-content\/uploads\/2025\/03\/arc_classique1.jpg\" alt=\"\" class=\"wp-image-151\" srcset=\"https:\/\/lesarcherspugetois.fr\/wp-content\/uploads\/2025\/03\/arc_classique1.jpg 335w, https:\/\/lesarcherspugetois.fr\/wp-content\/uploads\/2025\/03\/arc_classique1-224x300.jpg 224w, https:\/\/lesarcherspugetois.fr\/wp-content\/uploads\/2025\/03\/arc_classique1-201x270.jpg 201w\" sizes=\"auto, (max-width: 335px) 100vw, 335px\" \/><\/figure>\n<\/div>\n\n\n<p class=\"has-text-align-center\">La corde<\/p>\n\n\n<div class=\"wp-block-image\">\n<figure class=\"aligncenter size-full\"><img loading=\"lazy\" decoding=\"async\" width=\"494\" height=\"144\" src=\"http:\/\/lesarcherspugetois.fr\/wp-content\/uploads\/2025\/03\/Corde.gif\" alt=\"\" class=\"wp-image-164\"\/><\/figure>\n<\/div>\n\n\n<p class=\"has-text-align-center\">La fl\u00e8che<\/p>\n\n\n<div class=\"wp-block-image\">\n<figure class=\"aligncenter size-full\"><img loading=\"lazy\" decoding=\"async\" width=\"496\" height=\"312\" src=\"http:\/\/lesarcherspugetois.fr\/wp-content\/uploads\/2025\/03\/Fleche01.gif\" alt=\"\" class=\"wp-image-166\"\/><\/figure>\n<\/div>\n\n\n<p class=\"has-text-align-center\">Le repose fl\u00e8che<\/p>\n\n\n<div class=\"wp-block-image\">\n<figure class=\"aligncenter size-full\"><img loading=\"lazy\" decoding=\"async\" width=\"378\" height=\"244\" src=\"http:\/\/lesarcherspugetois.fr\/wp-content\/uploads\/2025\/03\/ReposeFleche.gif\" alt=\"\" class=\"wp-image-168\"\/><\/figure>\n<\/div>\n\n\n<p class=\"has-text-align-center\">Le viseur<\/p>\n\n\n<div class=\"wp-block-image\">\n<figure class=\"aligncenter size-full\"><img loading=\"lazy\" decoding=\"async\" width=\"300\" height=\"254\" src=\"http:\/\/lesarcherspugetois.fr\/wp-content\/uploads\/2025\/03\/viseur.jpg\" alt=\"\" class=\"wp-image-169\"\/><\/figure>\n<\/div>\n\n\n<hr class=\"wp-block-separator has-alpha-channel-opacity\"\/>\n\n\n\n<p class=\"has-text-align-center\">Principe du tranche fils<br><\/p>\n\n\n<div class=\"wp-block-image\">\n<figure class=\"aligncenter size-full\"><img loading=\"lazy\" decoding=\"async\" width=\"472\" height=\"454\" src=\"http:\/\/lesarcherspugetois.fr\/wp-content\/uploads\/2025\/03\/tranche-fil.gif\" alt=\"\" class=\"wp-image-134\"\/><\/figure>\n<\/div>\n\n\n<hr class=\"wp-block-separator has-alpha-channel-opacity\"\/>\n\n\n\n<p class=\"has-text-align-center\">Le band<br><\/p>\n\n\n\n<figure class=\"wp-block-gallery has-nested-images columns-default is-cropped wp-block-gallery-1 is-layout-flex wp-block-gallery-is-layout-flex\">\n<figure class=\"wp-block-image size-large\"><img loading=\"lazy\" decoding=\"async\" width=\"280\" height=\"250\" data-id=\"157\" src=\"https:\/\/lesarcherspugetois.fr\/wp-content\/uploads\/2025\/03\/Band01.gif\" alt=\"\" class=\"wp-image-157\"\/><figcaption class=\"wp-element-caption\">Mesure du band<\/figcaption><\/figure>\n\n\n<div class=\"wp-block-image\">\n<figure class=\"aligncenter size-large\"><img loading=\"lazy\" decoding=\"async\" width=\"791\" height=\"332\" data-id=\"158\" src=\"https:\/\/lesarcherspugetois.fr\/wp-content\/uploads\/2025\/03\/Band2.jpg\" alt=\"\" class=\"wp-image-158\" srcset=\"https:\/\/lesarcherspugetois.fr\/wp-content\/uploads\/2025\/03\/Band2.jpg 791w, https:\/\/lesarcherspugetois.fr\/wp-content\/uploads\/2025\/03\/Band2-300x126.jpg 300w, https:\/\/lesarcherspugetois.fr\/wp-content\/uploads\/2025\/03\/Band2-768x322.jpg 768w, https:\/\/lesarcherspugetois.fr\/wp-content\/uploads\/2025\/03\/Band2-604x254.jpg 604w\" sizes=\"auto, (max-width: 791px) 100vw, 791px\" \/><figcaption class=\"wp-element-caption\">Tableau de r\u00e9f\u00e9rence<\/figcaption><\/figure>\n<\/div><\/figure>\n\n\n\n<hr class=\"wp-block-separator has-alpha-channel-opacity\"\/>\n\n\n\n<p class=\"has-text-align-center\">R\u00e9glages Arcs (Merci <a href=\"https:\/\/www.sherwood-archerie.com\" target=\"_blank\" rel=\"noreferrer noopener\">Sherwood Archerie<\/a>) <br><\/p>\n\n\n\n<div data-wp-interactive=\"core\/file\" class=\"wp-block-file aligncenter\"><object data-wp-bind--hidden=\"!state.hasPdfPreview\" hidden class=\"wp-block-file__embed\" data=\"http:\/\/lesarcherspugetois.fr\/wp-content\/uploads\/2025\/03\/reglage1.pdf\" type=\"application\/pdf\" style=\"width:100%;height:600px\" aria-label=\"Contenu embarqu\u00e9 r\u00e9glage1.\"><\/object><a id=\"wp-block-file--media-92d3bb92-fb5b-4be9-906f-297b4114c748\" href=\"http:\/\/lesarcherspugetois.fr\/wp-content\/uploads\/2025\/03\/reglage1.pdf\">r\u00e9glage1<\/a><a href=\"http:\/\/lesarcherspugetois.fr\/wp-content\/uploads\/2025\/03\/reglage1.pdf\" class=\"wp-block-file__button wp-element-button\" download aria-describedby=\"wp-block-file--media-92d3bb92-fb5b-4be9-906f-297b4114c748\">T\u00e9l\u00e9charger<\/a><\/div>\n\n\n\n<div data-wp-interactive=\"core\/file\" class=\"wp-block-file aligncenter\"><object data-wp-bind--hidden=\"!state.hasPdfPreview\" hidden class=\"wp-block-file__embed\" data=\"http:\/\/lesarcherspugetois.fr\/wp-content\/uploads\/2025\/03\/Reglage2.pdf\" type=\"application\/pdf\" style=\"width:100%;height:600px\" aria-label=\"Contenu embarqu\u00e9 R\u00e9glage2.\"><\/object><a id=\"wp-block-file--media-e530e93f-16fe-4374-b49e-c9a80a3f2392\" href=\"http:\/\/lesarcherspugetois.fr\/wp-content\/uploads\/2025\/03\/Reglage2.pdf\">R\u00e9glage2<\/a><a href=\"http:\/\/lesarcherspugetois.fr\/wp-content\/uploads\/2025\/03\/Reglage2.pdf\" class=\"wp-block-file__button wp-element-button\" download aria-describedby=\"wp-block-file--media-e530e93f-16fe-4374-b49e-c9a80a3f2392\">T\u00e9l\u00e9charger<\/a><\/div>\n\n\n\n<hr class=\"wp-block-separator has-alpha-channel-opacity\"\/>\n\n\n\n<p class=\"has-text-align-center\">Principe du Dloop (Droitier)<\/p>\n\n\n<div class=\"wp-block-image\">\n<figure class=\"aligncenter size-full\"><img loading=\"lazy\" decoding=\"async\" width=\"513\" height=\"501\" src=\"http:\/\/lesarcherspugetois.fr\/wp-content\/uploads\/2025\/03\/dloop.gif\" alt=\"\" class=\"wp-image-128\"\/><\/figure>\n<\/div>\n\n\n<hr class=\"wp-block-separator has-alpha-channel-opacity\"\/>\n\n\n\n<p class=\"has-text-align-center\">Les Grossissements scopes arc \u00e0 poulie<br><br>0,5 (X4)<br>0,75 (X6)<br>1,00 (X8)<br><\/p>\n\n\n\n<hr class=\"wp-block-separator has-alpha-channel-opacity\"\/>\n\n\n\n<p class=\"has-text-align-center\">R\u00e9glage Arc \u00e0 Poulies<br><\/p>\n\n\n\n<div data-wp-interactive=\"core\/file\" class=\"wp-block-file aligncenter\"><object data-wp-bind--hidden=\"!state.hasPdfPreview\" hidden class=\"wp-block-file__embed\" data=\"http:\/\/lesarcherspugetois.fr\/wp-content\/uploads\/2025\/11\/Jereglemonarcpoulies.pdf\" type=\"application\/pdf\" style=\"width:100%;height:600px\" aria-label=\"Contenu embarqu\u00e9 Jereglemonarcpoulies.\"><\/object><a id=\"wp-block-file--media-913a8012-156f-413f-843d-5a9dcf38ea4b\" href=\"http:\/\/lesarcherspugetois.fr\/wp-content\/uploads\/2025\/11\/Jereglemonarcpoulies.pdf\">Jereglemonarcpoulies<\/a><a href=\"http:\/\/lesarcherspugetois.fr\/wp-content\/uploads\/2025\/11\/Jereglemonarcpoulies.pdf\" class=\"wp-block-file__button wp-element-button\" download aria-describedby=\"wp-block-file--media-913a8012-156f-413f-843d-5a9dcf38ea4b\">T\u00e9l\u00e9charger<\/a><\/div>\n\n\n\n<hr class=\"wp-block-separator has-alpha-channel-opacity is-style-dots\"\/>\n\n\n\n<div data-wp-interactive=\"core\/file\" class=\"wp-block-file aligncenter\"><object data-wp-bind--hidden=\"!state.hasPdfPreview\" hidden class=\"wp-block-file__embed\" data=\"http:\/\/lesarcherspugetois.fr\/wp-content\/uploads\/2025\/03\/reglagearcapoulies.pdf\" type=\"application\/pdf\" style=\"width:100%;height:600px\" aria-label=\"Contenu embarqu\u00e9 reglagearcapoulies.\"><\/object><a id=\"wp-block-file--media-233df0d2-12e6-4b22-8c30-75ed3f7490b8\" href=\"http:\/\/lesarcherspugetois.fr\/wp-content\/uploads\/2025\/03\/reglagearcapoulies.pdf\">reglagearcapoulies<\/a><a href=\"http:\/\/lesarcherspugetois.fr\/wp-content\/uploads\/2025\/03\/reglagearcapoulies.pdf\" class=\"wp-block-file__button wp-element-button\" download aria-describedby=\"wp-block-file--media-233df0d2-12e6-4b22-8c30-75ed3f7490b8\">T\u00e9l\u00e9charger<\/a><\/div>\n\n\n\n<hr class=\"wp-block-separator has-alpha-channel-opacity is-style-dots\"\/>\n\n\n\n<div data-wp-interactive=\"core\/file\" class=\"wp-block-file aligncenter\"><object data-wp-bind--hidden=\"!state.hasPdfPreview\" hidden class=\"wp-block-file__embed\" data=\"http:\/\/lesarcherspugetois.fr\/wp-content\/uploads\/2025\/11\/ArcPoulies_Les_reglages_FFTA1.pdf\" type=\"application\/pdf\" style=\"width:100%;height:600px\" aria-label=\"Contenu embarqu\u00e9 ArcPoulies_Les_reglages_FFTA1.\"><\/object><a id=\"wp-block-file--media-788b98d7-4cb7-490f-b6bf-cdd9fb7e8d0f\" href=\"http:\/\/lesarcherspugetois.fr\/wp-content\/uploads\/2025\/11\/ArcPoulies_Les_reglages_FFTA1.pdf\">ArcPoulies_Les_reglages_FFTA1<\/a><a href=\"http:\/\/lesarcherspugetois.fr\/wp-content\/uploads\/2025\/11\/ArcPoulies_Les_reglages_FFTA1.pdf\" class=\"wp-block-file__button wp-element-button\" download aria-describedby=\"wp-block-file--media-788b98d7-4cb7-490f-b6bf-cdd9fb7e8d0f\">T\u00e9l\u00e9charger<\/a><\/div>\n\n\n\n<hr class=\"wp-block-separator has-alpha-channel-opacity\"\/>\n\n\n\n<div data-wp-interactive=\"core\/file\" class=\"wp-block-file aligncenter\"><object data-wp-bind--hidden=\"!state.hasPdfPreview\" hidden class=\"wp-block-file__embed\" data=\"http:\/\/lesarcherspugetois.fr\/wp-content\/uploads\/2025\/03\/Main_d_arc.pdf\" type=\"application\/pdf\" style=\"width:100%;height:600px\" aria-label=\"Contenu embarqu\u00e9 Main_d_arc.\"><\/object><a id=\"wp-block-file--media-01e3aac6-60e7-416b-a508-caab7986bd86\" href=\"http:\/\/lesarcherspugetois.fr\/wp-content\/uploads\/2025\/03\/Main_d_arc.pdf\">Main_d_arc<\/a><a href=\"http:\/\/lesarcherspugetois.fr\/wp-content\/uploads\/2025\/03\/Main_d_arc.pdf\" class=\"wp-block-file__button wp-element-button\" download aria-describedby=\"wp-block-file--media-01e3aac6-60e7-416b-a508-caab7986bd86\">T\u00e9l\u00e9charger<\/a><\/div>\n\n\n\n<p class=\"has-text-align-center\">La Main d&rsquo;arc (Merci Renaud Baudrillart)<br><\/p>\n\n\n\n<hr class=\"wp-block-separator has-alpha-channel-opacity\"\/>\n\n\n\n<p class=\"has-text-align-center\">Grille pour noter ses scores (\u00e0 l&rsquo;ancienne)<br><\/p>\n\n\n\n<div data-wp-interactive=\"core\/file\" class=\"wp-block-file aligncenter\"><object data-wp-bind--hidden=\"!state.hasPdfPreview\" hidden class=\"wp-block-file__embed\" data=\"http:\/\/lesarcherspugetois.fr\/wp-content\/uploads\/2025\/03\/Grille_Score.pdf\" type=\"application\/pdf\" style=\"width:100%;height:600px\" aria-label=\"Contenu embarqu\u00e9 Grille_Score.\"><\/object><a id=\"wp-block-file--media-c1be709c-896d-421a-a68b-c8ea724dee75\" href=\"http:\/\/lesarcherspugetois.fr\/wp-content\/uploads\/2025\/03\/Grille_Score.pdf\">Grille_Score<\/a><a href=\"http:\/\/lesarcherspugetois.fr\/wp-content\/uploads\/2025\/03\/Grille_Score.pdf\" class=\"wp-block-file__button wp-element-button\" download aria-describedby=\"wp-block-file--media-c1be709c-896d-421a-a68b-c8ea724dee75\">T\u00e9l\u00e9charger<\/a><\/div>\n\n\n\n<hr class=\"wp-block-separator has-alpha-channel-opacity\"\/>\n\n\n\n<p class=\"has-text-align-center\">Aide pour comprendre et corriger ses d\u00e9fauts<br>Si vos fl\u00e8ches vont souvent dans certaines zones alors que votre viseur est bien r\u00e9gl\u00e9, ce graphique peut vous indiquer ce qu&rsquo;il faut travailler:<br><\/p>\n\n\n\n<figure class=\"wp-block-image size-full\"><img loading=\"lazy\" decoding=\"async\" width=\"728\" height=\"693\" src=\"http:\/\/lesarcherspugetois.fr\/wp-content\/uploads\/2025\/04\/defaut.jpg\" alt=\"\" class=\"wp-image-177\" srcset=\"https:\/\/lesarcherspugetois.fr\/wp-content\/uploads\/2025\/04\/defaut.jpg 728w, https:\/\/lesarcherspugetois.fr\/wp-content\/uploads\/2025\/04\/defaut-300x286.jpg 300w, https:\/\/lesarcherspugetois.fr\/wp-content\/uploads\/2025\/04\/defaut-284x270.jpg 284w\" sizes=\"auto, (max-width: 728px) 100vw, 728px\" \/><\/figure>\n\n\n\n<hr class=\"wp-block-separator has-alpha-channel-opacity\"\/>\n\n\n\n<p>Vous trouverez sur le site <a href=\"https:\/\/www.conseils-archerie.com\/\" target=\"_blank\" rel=\"noreferrer noopener\">Conseils Archerie<\/a>, des informations pr\u00e9cieuses pour am\u00e9liorer votre pratique.<\/p>\n\n\n<div class=\"wp-block-image\">\n<figure class=\"aligncenter size-full\"><img loading=\"lazy\" decoding=\"async\" width=\"640\" height=\"640\" src=\"http:\/\/lesarcherspugetois.fr\/wp-content\/uploads\/2025\/04\/archery-2230855_640.png\" alt=\"\" class=\"wp-image-173\" srcset=\"https:\/\/lesarcherspugetois.fr\/wp-content\/uploads\/2025\/04\/archery-2230855_640.png 640w, https:\/\/lesarcherspugetois.fr\/wp-content\/uploads\/2025\/04\/archery-2230855_640-300x300.png 300w, https:\/\/lesarcherspugetois.fr\/wp-content\/uploads\/2025\/04\/archery-2230855_640-150x150.png 150w, https:\/\/lesarcherspugetois.fr\/wp-content\/uploads\/2025\/04\/archery-2230855_640-270x270.png 270w\" sizes=\"auto, (max-width: 640px) 100vw, 640px\" \/><\/figure>\n<\/div>\n\n\n<hr class=\"wp-block-separator has-alpha-channel-opacity\"\/>\n\n\n\n<p><\/p>\n","protected":false},"excerpt":{"rendered":"<p>Les \u00e9l\u00e9ments composant un arc La corde La fl\u00e8che Le repose fl\u00e8che Le viseur Principe du tranche fils Le band R\u00e9glages Arcs (Merci Sherwood Archerie) Principe du Dloop (Droitier) Les Grossissements scopes arc \u00e0 poulie 0,5 (X4)0,75 (X6)1,00 (X8) R\u00e9glage Arc \u00e0 Poulies La Main d&rsquo;arc (Merci Renaud Baudrillart) Grille pour noter ses scores (\u00e0 l&rsquo;ancienne) Aide pour comprendre et corriger ses d\u00e9fautsSi vos fl\u00e8ches vont souvent dans certaines zones alors que votre viseur est bien r\u00e9gl\u00e9, ce graphique peut&#8230;<\/p>\n<p class=\"read-more\"><a class=\"btn btn-default\" href=\"https:\/\/lesarcherspugetois.fr\/?page_id=127\">Lire la suite<span class=\"screen-reader-text\"> Lire la suite<\/span><\/a><\/p>\n","protected":false},"author":1,"featured_media":0,"parent":0,"menu_order":0,"comment_status":"closed","ping_status":"closed","template":"","meta":{"footnotes":""},"class_list":["post-127","page","type-page","status-publish","hentry"],"_links":{"self":[{"href":"https:\/\/lesarcherspugetois.fr\/index.php?rest_route=\/wp\/v2\/pages\/127","targetHints":{"allow":["GET"]}}],"collection":[{"href":"https:\/\/lesarcherspugetois.fr\/index.php?rest_route=\/wp\/v2\/pages"}],"about":[{"href":"https:\/\/lesarcherspugetois.fr\/index.php?rest_route=\/wp\/v2\/types\/page"}],"author":[{"embeddable":true,"href":"https:\/\/lesarcherspugetois.fr\/index.php?rest_route=\/wp\/v2\/users\/1"}],"replies":[{"embeddable":true,"href":"https:\/\/lesarcherspugetois.fr\/index.php?rest_route=%2Fwp%2Fv2%2Fcomments&post=127"}],"version-history":[{"count":20,"href":"https:\/\/lesarcherspugetois.fr\/index.php?rest_route=\/wp\/v2\/pages\/127\/revisions"}],"predecessor-version":[{"id":189,"href":"https:\/\/lesarcherspugetois.fr\/index.php?rest_route=\/wp\/v2\/pages\/127\/revisions\/189"}],"wp:attachment":[{"href":"https:\/\/lesarcherspugetois.fr\/index.php?rest_route=%2Fwp%2Fv2%2Fmedia&parent=127"}],"curies":[{"name":"wp","href":"https:\/\/api.w.org\/{rel}","templated":true}]}}